 divisor of 711 and 495256293?
711
What is the highest common factor of 16 and 1376176?
16
What is the highest common divisor of 390 and 912795?
195
Calculate the greatest common factor of 8862231 and 794.
397
What is the highest common factor of 1672 and 3018017?
19
What is the greatest common factor of 17330 and 404210?
10
What is the greatest common divisor of 144 and 26950108?
4
What is the greatest common factor of 551 and 31542517?
29
What is the highest common divisor of 171421 and 122396?
37
What is the greatest common factor of 52525 and 275040?
955
Calculate the highest common divisor of 9022 and 362962.
694
Calculate the greatest common divisor of 9906795 and 135.
45
What is the greatest common factor of 33400653 and 3861?
429
What is the highest common divisor of 75299800 and 255?
85
What is the highest common factor of 30 and 5015346?
6
Calculate the highest common factor of 81276 and 173316.
156
What is the highest common factor of 9200 and 197230?
10
Calculate the highest common factor of 10653 and 990994.
53
Calculate the greatest common factor of 5269294 and 1096.
274
Calculate the greatest common divisor of 1112736898 and 2366.
2366
Calculate the greatest common divisor of 55 and 2958035.
5
What is the greatest common divisor of 718389 and 1617?
147
What is the highest common divisor of 808452 and 13464?
612
Calculate the greatest common divisor of 123041059 and 3033.
337
Calculate the highest common factor of 36 and 15326667.
9
Calculate the greatest common divisor of 1425 and 805425.
75
What is the greatest common factor of 97838 and 4165499?
923
What is the greatest common divisor of 625150 and 123850?
50
What is the highest common divisor of 18437080 and 16?
8
What is the greatest common factor of 57 and 28029370?
19
Calculate the greatest common factor of 1965 and 278820.
15
Calculate the greatest common divisor of 46217 and 27939199.
409
What is the greatest common divisor of 47215 and 64220?
95
What is the greatest common divisor of 80214066 and 39006?
3546
What is the highest common divisor of 4384 and 11782?
274
Calculate the greatest common divisor of 1827 and 13963152.
609
What is the highest common factor of 257 and 527830969?
257
Calculate the greatest common factor of 152 and 4006476.
4
What is the greatest common factor of 141 and 304242?
3
What is the highest common factor of 400140 and 10900980?
1620
What is the greatest common factor of 44389260 and 60?
60
What is the highest common factor of 171 and 480516384?
57
Calculate the greatest common factor of 63322798 and 490.
98
What is the highest common factor of 17 and 44824?
1
Calculate the highest common factor of 19395 and 6381.
9
Calculate the greatest common factor of 227882 and 70934.
58
What is the highest common divisor of 18270 and 5085585?
1305
Calculate the highest common factor of 61568 and 1765048.
296
Calculate the highest common divisor of 2727276 and 58344.
204
What is the greatest common divisor of 4179 and 11393148?
597
Calculate the highest common factor of 78150214 and 8579.
373
Calculate the greatest common divisor of 1572345 and 29025.
135
What is the highest common divisor of 36625667 and 1105?
221
What is the greatest common divisor of 9727584 and 730137?
2841
What is the highest common factor of 123 and 11130434?
41
What is the greatest common factor of 568 and 7252508?
284
Calculate the highest common divisor of 5750948 and 11060.
28
What is the highest common divisor of 4216 and 6371089?
31
Calculate the greatest common factor of 96401590 and 130.
10
Calculate the highest common divisor of 436487 and 95.
19
Calculate the highest common divisor of 4622082420 and 9794.
9794
Calculate the highest common divisor of 490 and 24745546.
14
What is the greatest common factor of 26173 and 607425?
7
Calculate the highest common divisor of 9042620 and 450.
10
Calculate the greatest common factor of 20832 and 205254.
42
Calculate the highest common factor of 249570 and 4720.
590
What is the greatest common divisor of 443660 and 5180?
140
Calculate the greatest common factor of 36976 and 704128.
16
What is the highest common factor of 49422890 and 825?
55
Calculate the highest common factor of 490886 and 1488982.
1166
What is the greatest common divisor of 15808 and 145504?
32
What is the highest common divisor of 6803012 and 664?
332
Calculate the highest common divisor of 6120 and 115364448.
1224
What is the highest common factor of 165 and 2088845?
55
What is the greatest common divisor of 118677 and 54842736?
6981
Calculate the highest common divisor of 304735 and 140420.
295
Calculate the highest common divisor of 429824 and 139978.
46
What is the greatest common factor of 981 and 2902131?
9
What is the greatest common divisor of 30705 and 1168032?
69
Calculate the highest common divisor of 133269 and 5115.
93
Calculate the greatest common divisor of 98968 and 128992.
1112
What is the greatest common factor of 4315457 and 887132?
1693
What is the greatest common divisor of 3 and 1045293?
3
Calculate the greatest common factor of 98427 and 105651.
903
What is the greatest common divisor of 64697 and 926628?
2087
What is the highest common divisor of 10019 and 39560371?
233
Calculate the greatest common divisor of 2406826 and 7888.
986
What is the highest common factor of 6464906 and 18256?
2282
What is the highest common factor of 18883743 and 93?
93
Calculate the greatest common divisor of 320909 and 16194710.
7463
What is the highest common divisor of 239936 and 163?
163
Calculate the highest common factor of 7546 and 11187638.
154
Calculate the highest common factor of 211455310 and 1124.
562
What is the highest common divisor of 440016 and 264504?
2472
Calculate the greatest common factor of 1414726 and 18891.
2099
Calculate the greatest common factor of 18690 and 4263420.
210
What is the greatest common factor of 61 and 84557773?
61
What is the highest common divisor of 816315253 and 13?
13
What is the greatest common factor of 1258049 and 9802?
377
What is the highest common divisor of 5964 and 24629829?
1491
What is the highest common divisor of 3586 and 13640?
22
Calculate the highest common factor of 133 and 6607478.
19
What is the greatest common divisor of 7 and 806728811?
7
Calculate the greatest common divisor of 44 and 30781488.
4
Calculate the highest common factor of 8957396 and 15896.
7948
Calculate the highest common factor of 183048 and 19749.
87
Calculate the highest common divisor of 308255424 and 3264.
3264
What is the highest common factor of 140823 and 9657?
9
Calculate the greatest common divisor of 266347 and 7055.
83
Calculate the highest common divisor of 1009023561 and 162.
81
What is the highest common factor of 359 and 41551737?
359
What is the highest common divisor of 30653712 and 432?
144
Calculate the greatest common factor of 536 and 1866754.
134
What is the greatest common factor of 23770679 and 6671?
953
What is the greatest common factor of 21 and 99336531?
21
Calculate the highest common divisor of 41101836 and 10992.
2748
What is the highest common factor of 2494476 and 44?
4
Calculate the greatest common divisor of 120 and 7450548.
12
What is the greatest common factor of 3828 and 603556932?
3828
What is the highest common factor of 728 and 30624272?
56
Calculate the highest common factor of 15 and 85082765.
5
Calculate the greatest common factor of 31256587 and 124.
31
Calculate the highest common divisor of 9779 and 401170.
77
Calculate the greatest common divisor of 10613333 and 80417.
1711
What is the greatest common divisor of 131706 and 9616164?
1626
What is the greatest common divisor of 208 and 63101298?
26
What is the highest common divisor of 1272640 and 3392?
64
What is the greatest common divisor of 6565149 and 1395?
279
What is the highest common factor of 34 and 28250294?
34
What is the highest common divisor of 300 and 111952575?
75
What is the greatest common factor of 3960 and 22941864?
792
Calculate the greatest common divisor of 44644104 and 6624.
1656
What is the highest common divisor of 49234615 and 7102?
3551
What is the greatest common factor of 835 and 2709?
1
What is the highest common divisor of 259154 and 3780742?
2422
Calculate the highest common factor of 198124 and 8